 -881. List the prime factors of y.
397
Let t = -410 + 1001. Let j = -378 + t. List the prime factors of j.
3, 71
Suppose 56*u = 5*b + 58*u - 27463, u + 10987 = 2*b. What are the prime factors of b?
3, 1831
Suppose -3*p + 8 = -16. Let c = -12 - -189. Suppose p*b - 5*b - c = 0. What are the prime factors of b?
59
Let f(r) be the third derivative of r**5/20 - r**4/6 - 4*r**3/3 - 4*r**2. Suppose 3*y = 5*y - 8. List the prime factors of f(y).
2, 3
Let c(l) = -l**3 - 2*l**2 + 5*l + 4. Let z be c(-3). Let x be 9 + -5 - (-5 + 2). What are the prime factors of (-8 - -4)*x*z?
2, 7
Let z(f) = -f**3 - 2*f**2 + 10*f + 787. What are the prime factors of z(0)?
787
Let n be (-19 - -147) + 2/2. Suppose -t = 4*h - 1294 + n, -5*t - 1159 = -4*h. What are the prime factors of h?
3, 97
Let i(o) = 24 - 14 - 4*o**2 + 4*o**2 - 7*o - o**2. Let k be i(-8). Suppose -m - 22 = 4*q - 71, -10 = -k*q. What are the prime factors of m?
29
Suppose -9 = -5*g - 2*p, -p + 1 = -g + 7. Let d = 22 - 20. Suppose -v + t = g*t + 6, d*t + 10 = v. List the prime factors of v.
2
Let i = 2261 + -1780. List the prime factors of i.
13, 37
Let v(d) = -d. Let y be v(-6). Let s be 460/100 + y/(-10). Suppose s*h = q - 29 + 2, 2*q = -5*h - 11. List the prime factors of q.
7
Let i(w) = -5*w + w + 2*w - 7 + w. Let t be i(-11). Suppose -k + 114 = 5*b, 5*k + 97 = t*b - 0*k. What are the prime factors of b?
23
Let d = -230 - -87. Let v = 233 + d. List the prime factors of v.
2, 3, 5
Suppose 0 = 351*l - 310*l - 169453. List the prime factors of l.
4133
Suppose -3*w + 29 = -73. Let p = w + -3. Suppose 73 = 2*i + p. List the prime factors of i.
3, 7
Let h(v) = -263*v + 9. What are the prime factors of h(-1)?
2, 17
Let u(l) = 4*l**2 + 5*l + 1. Let r(i) = 11*i**2 + 14*i + 3. Let v(j) = -3*r(j) + 8*u(j). Let x be v(2). Let z = x - -18. List the prime factors of z.
3
Suppose 2*f - b = -13, 3*f - b + 6 + 15 = 0. Let k = f + 8. Suppose k = -2*l + 3*l - 17. What are the prime factors of l?
17
Let a be 2/(-2) + 1 + -15. Let b(j) = -5*j**2 + 12*j**2 + 32 - 7*j**2 - j**2 - 13 - 18*j. List the prime factors of b(a).
2
Let x(v) = 2*v - 7. Let c be x(5). Suppose -17 + 0 = r - 3*f, f - 27 = c*r. List the prime factors of (18/r)/((-3)/12).
3
Let y(j) = -3*j**3 - 5*j**2. Let t(w) = w**2 + 8*w + 3. Let x be t(-7). List the prime factors of y(x).
2, 7
Let v = 22 + -24. List the prime factors of (-9)/v*266/21.
3, 19
Let q(l) = -127*l - 72. List the prime factors of q(-4).
2, 109
Let d(a) = -28*a**2 - a + 1. Let o be d(1). What are the prime factors of o/70 + 5/(25/392)?
2, 3, 13
What are the prime factors of 4 + 2 + -8 + 163?
7, 23
Suppose 4*j = h - 2386, -81 = j - 82. What are the prime factors of h?
2, 5, 239
Suppose 18*l - 11*l = 7. List the prime factors of ((-35)/(-28) - l) + (-623)/(-4).
2, 3, 13
Let m = 708 - 499. List the prime factors of m.
11, 19
Suppose 6*d - 2*d + m = 23, -m = 3*d - 17. Let i be (1/(-3))/(d/(-846)). Let g = -32 + i. List the prime factors of g.
3, 5
Let f = -25 + 109. Let l = f + -17. List the prime factors of l.
67
Suppose -2*l + 57*m + 7906 = 58*m, -3*l - 5*m = -11866. What are the prime factors of l?
2, 13, 19
Let j(c) = -c**3 + 27*c**2 + 64*c + 86. What are the prime factors of j(28)?
2, 547
Suppose 3*j - 251 + 56 = 0. Suppose 2*p = 7*t - 2*t - 379, 0 = t + 5*p - j. Let r = 112 - t. What are the prime factors of r?
37
Let b be 2/4*((-3 - -3) + -18). Let f(u) = u**3 + 8*u**2 - 11*u + 8. What are the prime factors of f(b)?
2, 13
Suppose 153 = 7*s - 407. Let p = 150 - s. What are the prime factors of p?
2, 5, 7
Let p(b) = 3*b**2 + 18*b - 16. List the prime factors of p(-8).
2
Let z(d) = 2*d - 4. Let y be z(2). Let l = 6 + y. List the prime factors of (l/12)/((-3)/(-18)).
3
Suppose -3*f + 2 - 5 = 0. Let p = 8 - f. Let a = p + 0. List the prime factors of a.
3
Let v = -53 + 50. What are the prime factors of 2*734/16 + v/(-12)?
2, 23
Let m(h) = h**2 - 4*h - 17. Let n be m(7). Suppose 0 = 2*a + 4*q - 28, -2*q = -n*a - 0*a + 76. What are the prime factors of a?
2, 3
Let b(g) = 2*g - 4. Let w be b(2). Suppose 5*y + 5*l - 20 = w, -3*y + 11 = -2*l - 6. Suppose 2*m - y*m = -111. List the prime factors of m.
37
Suppose 3*s = 4*m - 409, -4*m - 3*s + 120 = -319. What are the prime factors of 2 + 0 + -4 + m?
2, 13
Let g be (-18846)/90 - 2/(-5). Let m = g + 317. What are the prime factors of m?
2, 3
List the prime factors of 4/(-3)*(-6300)/24.
2, 5, 7
Suppose 57*t = 53*t + 2536. What are the prime factors of t?
2, 317
Suppose 0 = v - 2*q - 63, 6*v - 2*q - 258 = 2*v. Let k = 91 - v. Let y = k + -12. List the prime factors of y.
2, 7
Let f be 8/((-183)/177 + 1). Let n = f + 162. Let x = n + 127. What are the prime factors of x?
53
Suppose 1176 = 60*w - 53*w. List the prime factors of w.
2, 3, 7
Let s(t) = 12*t - 29. Let k be 3/4*4 - (-5)/5. What are the prime factors of s(k)?
19
Suppose -k = -5*x - 25, -2*k + 33 = -2*x + 3*k. What are the prime factors of -1*(x + -40 - -2)?
2, 3, 7
Suppose -5568 - 1406 = -11*h. List the prime factors of h.
2, 317
Suppose 4*h + 489 = i, 10 = -2*i + 4*i. Let j = -53 - h. What are the prime factors of j?
2, 17
Suppose 0*l + 5*l - 2055 = 0. Suppose -4*c + 45 + l = 0. What are the prime factors of c/(-9)*6/(-4)?
19
Let b(i) be the second derivative of 37*i**4/12 + i**3/6 - 5*i**2/2 - 10*i. What are the prime factors of b(2)?
5, 29
Suppose 4*i - 4*u = 44, i - 5*i = -3*u - 42. Let y(s) = 2*s**3 - 3*s**3 + 5*s + 11*s**2 - 12*s - 8 - 7*s. List the prime factors of y(i).
2, 7
Let a = 2399 - 102. List the prime factors of a.
2297
Let h be ((-2)/3)/(4/(-30)). Let f(n) = n**2 - 4*n - 4. Let b be f(h). Suppose s - 3 + b = 0. What are the prime factors of s?
2
Suppose 0 = -3*r + 15, 2973 = 3*n + 6*r - 3*r. What are the prime factors of n?
2, 17, 29
Suppose 2*c - 6*c - 144 = 0. Let v be -7*(c/14)/1. Let h(r) = r**3 - 17*r**2 - 16*r + 11. What are the prime factors of h(v)?
47
Suppose 3*i = 9, -4*h - 15*i = -16*i - 3529. List the prime factors of h.
883
Let i(f) = 0 + 2 - 2*f - 3*f + 6*f. Let u be i(0). Suppose -4*p + u*p + 46 = 0. What are the prime factors of p?
23
What are the prime factors of ((-15675)/(-30))/((-8)/(-16))?
5, 11, 19
Let x(t) = t**2 + 9*t + 16. Let j be x(-7). Suppose -j*c - 2*c = -264. List the prime factors of c.
2, 3, 11
Let y(i) = 43*i - 19. List the prime factors of y(18).
5, 151
Suppose -t = -2*t + 1. Let v be (8 - 3)*(t - 0). Suppose -r = -6*r, v*r = -b + 15. List the prime factors of b.
3, 5
Let y be (-43 + 1)*(-4 - -5). Let x be 549/(-6)*2/3. Let h = y - x. List the prime factors of h.
19
Let n = 248 + 136. List the prime factors of n.
2, 3
List the prime factors of (1/(-3))/((-375128)/125040 + 3).
2, 5, 521
Let m(w) = 2*w**2 - 8*w - 15. What are the prime factors of m(-11)?
3, 5, 7
Let w = 323 + 291. List the prime factors of w.
2, 307
Let t(f) = -26*f**3 + 7*f**2 + 6*f + 2. List the prime factors of t(-2).
2, 113
Let u be 138/9*3/2. Let v = 25 - u. Suppose v*i = 5*k + 120, 2*k = 5*i + 3*k - 246. What are the prime factors of i?
2, 5
Let n = -5 + 4. Let m = n - -47. Let w = 87 - m. List the prime factors of w.
41
Let d(w) = 7*w**2 - 56*w + 128. What are the prime factors of d(22)?
2, 571
Let l = 29 - 26. Suppose -l*g - 255 = -4*h, 4*h - 256 = -3*g - 31. List the prime factors of h.
2, 3, 5
Let q(k) = -2*k**2 + 12*k + 22. Let j be q(-7). Let h = -114 - j. List the prime factors of h.
2, 23
Let y = 46 + -26. Let g = y + 53. Suppose -4*b = 5*s - g, -70 = -2*s - 3*s - 5*b. What are the prime factors of s?
17
Let m(g) = -3*g + 21. Let o be m(9). Let u be 36 - (2 + -1 - 1). Let l = u + o. What are the prime factors of l?
2, 3, 5
Let a(v) = -v**2 - 11*v + 16. Let m be a(-11). Let f = m + -32. List the prime factors of (-4)/(f/20) - 0.
5
Suppose 4*d = -5*v + 2586, 3*d - 167 = -4*v + 1773. What are the prime factors of d?
2, 7, 23
Let x(i) = i**3 + 8*i**2 + 5*i - 5. List the prime factors of x(-6).
37
Let p = 159 - 84. Suppose -367 + p = -4*d. List the prime factors of d.
73
Suppose 12 = 3*w, j + 3*w - 79 = 15. Suppose -3*z + 439 = j. List the prime factors of z.
7, 17
Let z be -14*25/(-10)*7. Suppose 5*g - z - 255 = 0. List the prime factors of g.
2, 5
Let p(w) = 19*w - 13. Let v be p(-4). Let m = 152 + v. What are the prime factors of m?
3, 7
Suppose -3*l + 3 = -2*l